{"id":283,"date":"2014-04-22T15:56:24","date_gmt":"2014-04-22T15:56:24","guid":{"rendered":"http:\/\/localhost:81\/wordpress\/?page_id=283"},"modified":"2022-06-12T18:37:06","modified_gmt":"2022-06-12T18:37:06","slug":"visitas-2","status":"publish","type":"page","link":"https:\/\/parqueminiaturasvillasudores.com\/?page_id=283","title":{"rendered":"Visitas"},"content":{"rendered":"<p>Hola a todos!!!<\/p>\n<p>Si quieres visitarnos estaremos encantados de recibirte. Para ello te aconsejamos nos llames con antelaci\u00f3n suficiente al tfno. <strong>626 795 926 \u00f3 642 540 795,<\/strong> o bien a trav\u00e9s del correo <strong>bergomez44@gmail.com. <\/strong>No dudes en ponerte en contacto con nosotros.<br \/>\nLa duraci\u00f3n media de la visita es de unos 45-60 minutos aproximadamente y consistir\u00e1 en un recorrido a trav\u00e9s de las diferentes construcciones donde se dar\u00e1 completa informaci\u00f3n sobre el monumento en cuesti\u00f3n y sobre su proceso de edificaci\u00f3n.<br \/>\n<em>\u00a1Te esperamos!<\/em><\/p>\n<p>Gracias.<\/p>\n","protected":false},"excerpt":{"rendered":"<p>Hola a todos!!! Si quieres visitarnos estaremos encantados de recibirte. Para ello te aconsejamos nos llames con antelaci\u00f3n suficiente al tfno. 626 795 926 \u00f3 642 540 795, o bien <a class=\"more-link\" href=\"https:\/\/parqueminiaturasvillasudores.com\/?page_id=283\">Continue Reading &rarr;<\/a><\/p>\n","protected":false},"author":2,"featured_media":0,"parent":0,"menu_order":3,"comment_status":"closed","ping_status":"closed","template":"","meta":{"footnotes":""},"class_list":["post-283","page","type-page","status-publish","hentry"],"aioseo_notices":[],"_links":{"self":[{"href":"https:\/\/parqueminiaturasvillasudores.com\/index.php?rest_route=\/wp\/v2\/pages\/283"}],"collection":[{"href":"https:\/\/parqueminiaturasvillasudores.com\/index.php?rest_route=\/wp\/v2\/pages"}],"about":[{"href":"https:\/\/parqueminiaturasvillasudores.com\/index.php?rest_route=\/wp\/v2\/types\/page"}],"author":[{"embeddable":true,"href":"https:\/\/parqueminiaturasvillasudores.com\/index.php?rest_route=\/wp\/v2\/users\/2"}],"replies":[{"embeddable":true,"href":"https:\/\/parqueminiaturasvillasudores.com\/index.php?rest_route=%2Fwp%2Fv2%2Fcomments&post=283"}],"version-history":[{"count":40,"href":"https:\/\/parqueminiaturasvillasudores.com\/index.php?rest_route=\/wp\/v2\/pages\/283\/revisions"}],"predecessor-version":[{"id":1771,"href":"https:\/\/parqueminiaturasvillasudores.com\/index.php?rest_route=\/wp\/v2\/pages\/283\/revisions\/1771"}],"wp:attachment":[{"href":"https:\/\/parqueminiaturasvillasudores.com\/index.php?rest_route=%2Fwp%2Fv2%2Fmedia&parent=283"}],"curies":[{"name":"wp","href":"https:\/\/api.w.org\/{rel}","templated":true}]}}